en 27 - -6*f/(-2) is divided by 9.
6
Let i(z) = -3*z + 1. Let u be i(-1). Suppose -2*s - 2*s = -3*l + 34, 4 = -u*s. Let f = 58 - 40. What is the remainder when f is divided by l?
8
Let q(u) = u**3 + 8*u**2 + 3. Let m(d) = -2*d + 2. Let r be m(4). Let j be q(r). Suppose 4*g - j = -g. Calculate the remainder when g is divided by 8.
7
Suppose 0 = 3*f - 2*f - 2. Calculate the remainder when (-40)/(-5) - (0 - -5) is divided by f.
1
Suppose 4*q = -5*a - 11, 4*q + 3 = 4*a - 17. What is the remainder when 1 is divided by a?
0
Suppose 3*j - 65 = -5*l, 37 = -0*j + 2*j - 3*l. Suppose -4*t - 169 = -7*t + r, -t + 63 = r. What is the remainder when t is divided by j?
18
Suppose -67*j + 36*j + 2077 = 0. What is the remainder when j is divided by -1*2/((-4)/34)?
16
Suppose 15*f - 18*f = -39. Calculate the remainder when 38 is divided by f.
12
Let h(p) = p**2 - 13*p + 3. Let c be h(13). Suppose 224 = c*y + 77. Calculate the remainder when y is divided by 17.
15
Let n = 151 + -93. What is the remainder when n is divided by 20?
18
Calculate the remainder when (-135)/18*(-22)/3 is divided by 14.
13
Let g(h) = h**3 + 8*h**2 + 2*h + 10. Let t = -5 - -29. Calculate the remainder when g(-7) is divided by t.
21
Let q = -63 + 100. Suppose 8 = -2*i - 4*t, -3*i + 4*t + 5 = -13. Suppose -65 = i*l - 7*l. What is the remainder when q is divided by l?
11
Let o = -14 + 1. Let v = o - -94. What is the remainder when v is divided by 21?
18
Let o(f) = f**3 + f**2 - f - 1. Let m be o(-1). Suppose 70 = 3*j - 5*r - 91, -3*j - r + 137 = m. Calculate the remainder when j is divided by 16.
15
Let r = -21 + 33. What is the remainder when 46 is divided by r?
10
Let v(z) = z**3 + 8*z**2 + 6*z - 7. Let y be v(-7). Suppose -x + 0*x + 42 = y. What is the remainder when x is divided by 11?
9
Let h be ((-3)/(-2))/((-3)/(-4)). Suppose -h = -0*l - 2*l. Calculate the remainder when 1 is divided by l.
0
Suppose 4*d = c - 144, d = 3*c - 4*d - 397. Let p(j) = j**3 + 7*j**2 - 4*j - 2. What is the remainder when p(-7) is divided by c/9 - (-2)/9?
12
Suppose 21 = f - 4*i, 2*i + 2 + 16 = 2*f. Suppose 2*s - 15 = -s. Suppose -15 = -f*c + 5*u, s*u - 10 = 3*u. Calculate the remainder when c is divided by 5.
3
What is the remainder when 72*-6*5/(-45) is divided by 17?
14
Calculate the remainder when (0 - -44 - 1)/1 is divided by (-32)/(-2) + (-1 - 0).
13
Let t be (-3)/(-9)*(0 + 3). Calculate the remainder when 70 is divided by (-1068)/(-60) + t/5.
16
Let v(r) = -r + 18. Calculate the remainder when 34 is divided by v(6).
10
Calculate the remainder when 48 is divided by ((-14)/(-8))/(5/((-120)/(-3))).
6
Let j = -15 - -5. Let y = 29 + j. Calculate the remainder when y is divided by 5.
4
Suppose 0 = 9*z - 323 - 253. What is the remainder when z is divided by 17?
13
Suppose -2*z + 4 = -h, z + 4*z = 10. Suppose h = -4*d - d + 30. Calculate the remainder when d is divided by 3.
0
Suppose -12 = a + 2*u, -4*u - 10 = -2*u. Let y = a + 13. Suppose y = m + 1. Calculate the remainder when m is divided by 4.
2
Suppose s = -s - 8, 4*f - 2*s - 44 = 0. Let b(p) = -p**3 - 11*p**2 - 12*p - 3. Calculate the remainder when b(-10) is divided by f.
8
Suppose 2*u + 66 = 4*u. Calculate the remainder when u is divided by 9.
6
Suppose -3*i + 18 = -9. What is the remainder when 34 is divided by i?
7
Suppose 2*k = 63 + 7. Let n(l) = -2*l. What is the remainder when k is divided by n(-6)?
11
Let v = 33 - 1. Let d = 46 - v. Calculate the remainder when d is divided by 5.
4
Suppose t = 5*a - 63, 3*a - 8*t = -3*t + 51. Calculate the remainder when 39 is divided by a.
3
Let z be (2/(-4))/(1/(-2)). Let q be (4 + -4)/(z*2). Suppose q*k = 3*k - 159. Calculate the remainder when k is divided by 18.
17
Let t(j) = 4 + 5 + j - 1 - 4*j. Calculate the remainder when 49 is divided by t(-6).
23
Let z(y) = 24*y - 4. Suppose -i = -6*i + 15. Calculate the remainder when z(i) is divided by 14.
12
Suppose 5*k - 17 = 48. Let o = k - 1. What is the remainder when o - 0/(1 + -2) is divided by 7?
5
Let l be 2/1 - (1 - 0). Let r = 15 + l. Suppose 4*t = -o + 11, -4*o = t + t - r. Calculate the remainder when 7 is divided by o.
1
Suppose -4*q - q + 45 = 0. Suppose -5*o + y = -q, -5*o - 7*y + 3*y + 14 = 0. Suppose 69 = o*v - 37. Calculate the remainder when v is divided by 14.
11
Let l(c) = c**3 - 4*c**2 + 3*c + 2. Let x be l(3). Suppose x*k - w - 128 = -k, 0 = -2*k - 2*w + 88. Calculate the remainder when k is divided by 11.
10
Suppose 2*x + 78 = 4*q + 16, 0 = 5*q + x - 95. Let d(p) = -p - 2. Let g be d(-6). Suppose -104 - 108 = -g*s. Calculate the remainder when s is divided by q.
17
Let q(h) be the third derivative of -h**5/60 - 5*h**4/24 - h**3/2 + h**2. Calculate the remainder when 8 is divided by q(-2).
2
Let p = -14 - -20. Let x = 13 - p. What is the remainder when 13 is divided by x*1*(1 - 0)?
6
Calculate the remainder when (((-6048)/9)/(-7))/(1/1) is divided by 25.
21
Suppose 2 = u + 5*g, -3*u = -0*u - g - 6. Suppose -u*q - 4 = -4*q. Calculate the remainder when 2 is divided by q.
0
Suppose -5*b + 54 = -66. Calculate the remainder when b is divided by 13.
11
Suppose -3*l = -54 - 33. What is the remainder when 115 is divided by l?
28
Let y be (8/6 + 0)*3. Suppose -3*g + 26 = y*w, g - 12 = -4*w + w. Suppose 5*b - t = 55, -3*t = -b + 8 + 3. Calculate the remainder when b is divided by g.
5
Suppose 10*s = 6*s + 24. Calculate the remainder when 10 is divided by s.
4
Suppose -3*z - 4 = o, o - 5*o - 4*z = 0. Let b = 2 - o. Let m(a) = a + 6. What is the remainder when 17 is divided by m(b)?
5
Suppose -4*i + 5*i = 32. Calculate the remainder when 95 is divided by i.
31
Suppose 2*t + 2 = 10. Suppose -t*q - q = -45. Suppose -q = -2*z + 19. Calculate the remainder when 40 is divided by z.
12
Let j(l) be the first derivative of 5*l**3 + 2 - l + 2*l - 4*l**3. Calculate the remainder when 24 is divided by j(-2).
11
Calculate the remainder when 14 is divided by -7*((-50)/(-14) - 4).
2
Suppose 12*p = 7*p + 305. What is the remainder when 302 is divided by p?
58
Suppose -6*z = -o - z + 52, 0 = 5*o + 3*z - 372. Calculate the remainder when o is divided by 28.
16
What is the remainder when 10 is divided by 2/24*9*4?
1
Suppose 0 = 5*n - 46 + 6. What is the remainder when 102 is divided by n?
6
Let c = 11 + 40. What is the remainder when c is divided by 14?
9
Let h(z) = -2*z. Suppose -44 = -5*y + y. What is the remainder when y is divided by h(-3)?
5
Let b(r) = r**3 + 3*r**2 + 3*r. Let l be b(-2). What is the remainder when 16 is divided by (-3 - l) + (-7)/(-1)?
4
Calculate the remainder when 10 is divided by -1*2*(-30)/10.
4
Suppose -5*p = -5*q - 60, 0*q + 66 = 5*p - 3*q. What is the remainder when 700/25 + -2 + 1 is divided by p?
12
Let z = 76 - 50. Suppose -33 = 4*v - v. Let s = 25 + v. Calculate the remainder when z is divided by s.
12
Calculate the remainder when 42 is divided by (2/6)/(3/198*2).
9
Let p = 42 + -114. Suppose 3*a - 32 = -a. Calculate the remainder when a is divided by p/(-15) - 1/(-5).
3
Suppose -2*j + 17 = -3*j + 5*i, 4*i = j + 12. Let s = 9 - 5. Suppose -79 = -5*c - s*d, -77 = -5*c - 4*d + 2*d. Calculate the remainder when c is divided by j.
7
Let i(j) = -j + 5. Let z be i(0). Let h(p) be the second derivative of p**4/12 - p**3/2 - 3*p**2 - 2*p. What is the remainder when 7 is divided by h(z)?
3
Suppose -89 - 82 = -4*g + 3*m, -3*m + 39 = g. What is the remainder when 249 is divided by g?
39
Suppose -q + 2*q = 17. What is the remainder when q is divided by (-87)/(-9) - (-2)/6?
7
Suppose 4*s - 50 = -s. Let c = -10 - 1. What is the remainder when 2/c - (-310)/11 is divided by s?
8
Suppose 1 = 2*o - 93. Let j = 20 + -16. Suppose 50 + 14 = j*b. What is the remainder when o is divided by b?
15
Suppose 0 = 15*l + 136 - 616. What is the remainder when 53 is divided by l?
21
Suppose j - 11 + 2 = 5*v, -j + 2*v + 15 = 0. Calculate the remainder when j is divided by 11.
8
Suppose -v + 0*v - 3 = n, 2*v = -4*n - 12. Let y(u) be the first derivative of -u**2 - 4*u - 10. Calculate the remainder when y(n) is divided by 1.
0
Suppose -3*t + 1 = -20. Suppose 0 = 3*n - 5 - t. Suppose -3*b - 10 + 45 = 2*a, -2*b - 30 = -n*a. Calculate the remainder when a is divided by 6.
4
Let v(z) = z**2 + z + 2. Suppose 2*q - 18 = 3*k, 10 = 2*q - 5*k + 4*k. What is the remainder when v